{"id":394,"date":"2023-05-11T17:53:50","date_gmt":"2023-05-11T17:53:50","guid":{"rendered":"http:\/\/plataformatrans.es\/?page_id=394"},"modified":"2023-06-17T15:11:05","modified_gmt":"2023-06-17T13:11:05","slug":"empleo-trans","status":"publish","type":"page","link":"https:\/\/plataformatrans.es\/index.php\/empleo-trans\/","title":{"rendered":"Empleo Trans"},"content":{"rendered":"<h1 style=\"text-align: center;\">Empleo Trans<\/h1>\n<p><img loading=\"lazy\" decoding=\"async\" class=\"wp-image-588 aligncenter\" src=\"http:\/\/plataformatrans.es\/wp-content\/uploads\/2023\/05\/EMPLEO.png\" alt=\"\" width=\"245\" height=\"245\" srcset=\"https:\/\/plataformatrans.es\/wp-content\/uploads\/2023\/05\/EMPLEO.png 512w, https:\/\/plataformatrans.es\/wp-content\/uploads\/2023\/05\/EMPLEO-300x300.png 300w, https:\/\/plataformatrans.es\/wp-content\/uploads\/2023\/05\/EMPLEO-150x150.png 150w\" sizes=\"auto, (max-width: 245px) 100vw, 245px\" \/><\/p>\n<p><img loading=\"lazy\" decoding=\"async\" class=\"alignnone size-large wp-image-396\" src=\"http:\/\/plataformatrans.es\/wp-content\/uploads\/2023\/05\/Fvrm1TmWIAIFwxF-1024x1024.jpg\" alt=\"\" width=\"1020\" height=\"1020\" srcset=\"https:\/\/plataformatrans.es\/wp-content\/uploads\/2023\/05\/Fvrm1TmWIAIFwxF-1024x1024.jpg 1024w, https:\/\/plataformatrans.es\/wp-content\/uploads\/2023\/05\/Fvrm1TmWIAIFwxF-300x300.jpg 300w, https:\/\/plataformatrans.es\/wp-content\/uploads\/2023\/05\/Fvrm1TmWIAIFwxF-150x150.jpg 150w, https:\/\/plataformatrans.es\/wp-content\/uploads\/2023\/05\/Fvrm1TmWIAIFwxF-768x768.jpg 768w, https:\/\/plataformatrans.es\/wp-content\/uploads\/2023\/05\/Fvrm1TmWIAIFwxF-435x435.jpg 435w, https:\/\/plataformatrans.es\/wp-content\/uploads\/2023\/05\/Fvrm1TmWIAIFwxF-60x60.jpg 60w, https:\/\/plataformatrans.es\/wp-content\/uploads\/2023\/05\/Fvrm1TmWIAIFwxF.jpg 1080w\" sizes=\"auto, (max-width: 1020px) 100vw, 1020px\" \/><\/p>\n<p>________________________________________________________<\/p>\n<div class=\"single-post-title\">\n<h5>REGRESAN LOS CURSOS DE REINVENCI\u00d3N PROFESIONAL DIRIGIDOS A PERSONAS TRANS DEL AYTO. DE MADRID Y TRANSEXUALIA<\/h5>\n<div class=\"stats\">\n<div class=\"separator\"><\/div>\n<p><img loading=\"lazy\" decoding=\"async\" class=\"alignnone size-full wp-image-731\" src=\"http:\/\/plataformatrans.es\/wp-content\/uploads\/2023\/06\/Fypw8zQXgAEG4XE.jpg\" alt=\"\" width=\"900\" height=\"900\" srcset=\"https:\/\/plataformatrans.es\/wp-content\/uploads\/2023\/06\/Fypw8zQXgAEG4XE.jpg 900w, https:\/\/plataformatrans.es\/wp-content\/uploads\/2023\/06\/Fypw8zQXgAEG4XE-300x300.jpg 300w, https:\/\/plataformatrans.es\/wp-content\/uploads\/2023\/06\/Fypw8zQXgAEG4XE-150x150.jpg 150w, https:\/\/plataformatrans.es\/wp-content\/uploads\/2023\/06\/Fypw8zQXgAEG4XE-768x768.jpg 768w, https:\/\/plataformatrans.es\/wp-content\/uploads\/2023\/06\/Fypw8zQXgAEG4XE-800x800.jpg 800w\" sizes=\"auto, (max-width: 900px) 100vw, 900px\" \/><\/div>\n<\/div>\n<div class=\"entry\">\n<p>Regresan los cursos de reinvenci\u00f3n profesional dirigidos a personas trans del Ayuntamiento de Madrid y Transexualia. En esta edici\u00f3n la formaci\u00f3n est\u00e1 enfocada en el sector limpieza profesional y hospitalaria.<\/p>\n<p>El objetivo de este proyecto es la preparaci\u00f3n profesional de personas desempleadas, transexuales y transg\u00e9nero para la mejora de su empleabilidad y fomento de oportunidades de acceso al mundo laboral. Desde Transexualia y con la ayuda de la Agencia para el Empleo del Ayuntamiento de Madrid llevamos ya varias ediciones queriendo afrontar la baja tasa de empleabilidad de las personas de nuestro colectivo con estos cursos especializados en aquellos sectores donde se demandan m\u00e1s profesionales. Por ello, tras las ediciones centradas en atenci\u00f3n al cliente y en gesti\u00f3n log\u00edstica, esta vez nos centramos en la limpieza profesional y hospitalaria \u00bfTe interesa?<\/p>\n<p>Te contamos los datos m\u00e1s b\u00e1sicos y te animamos a entrar en el enlace para recibir m\u00e1s informaci\u00f3n e inscribirte.<\/p>\n<p>Este curso se compone de:<\/p>\n<ul>\n<li>Formaci\u00f3n en competencias transversales (100 horas)<br \/>\nFormaci\u00f3n en capacitaci\u00f3n digital (20 horas)<br \/>\nFormaci\u00f3n en competencias t\u00e9cnicas en la profesi\u00f3n de limpieza (210 horas)<br \/>\nPr\u00e1cticas no laborales en empresas (70 horas)<br \/>\nTitulaci\u00f3n:\u00a0Diploma acreditativo expedido por la Agencia para el Empleo de Madrid.<\/li>\n<li>Fecha de inicio:\u00a011\/07\/2023<br \/>\nFecha de finalizaci\u00f3n:\u00a008\/11\/2023<br \/>\nDuraci\u00f3n:\u00a0400 h.<br \/>\nPlazas:\u00a015 plazas\/edici\u00f3n<br \/>\nSalidas profesionales:\u00a0Empleos relacionados con el sector de la limpieza profesional y hospitalaria&nbsp;<\/p>\n<p><a class=\"symple-button default black   \" title=\"Visit Site\" href=\"https:\/\/www.madrid.es\/portales\/munimadrid\/es\/Inicio\/Educacion-y-empleo\/Proyecto-de-Formacion-Reinvencion-Profesional-dirigido-a-personas-transexuales-y-transgenero\/?vgnextfmt=default&amp;vgnextoid=cd71ac5a40a98810VgnVCM2000001f4a900aRCRD&amp;vgnextchannel=4d9d31d3b28fe410VgnVCM1000000b205a0aRCRD\" target=\"_self\" rel=\"noopener\"><span class=\"symple-button-inner\">Informaci\u00f3n e inscripci\u00f3n<\/span><\/a><\/li>\n<\/ul>\n<\/div>\n","protected":false},"excerpt":{"rendered":"<p>Empleo Trans ________________________________________________________ REGRESAN LOS CURSOS DE REINVENCI\u00d3N PROFESIONAL DIRIGIDOS A PERSONAS TRANS DEL AYTO. DE MADRID Y TRANSEXUALIA Regresan los cursos de reinvenci\u00f3n profesional dirigidos a personas trans del Ayuntamiento de Madrid y Transexualia. En esta edici\u00f3n la formaci\u00f3n est\u00e1 enfocada en el sector limpieza profesional y hospitalaria. El objetivo de este proyecto es [&hellip;]<\/p>\n","protected":false},"author":1,"featured_media":0,"parent":0,"menu_order":0,"comment_status":"closed","ping_status":"closed","template":"","meta":{"footnotes":""},"class_list":["post-394","page","type-page","status-publish","hentry"],"brizy_media":[],"_links":{"self":[{"href":"https:\/\/plataformatrans.es\/index.php\/wp-json\/wp\/v2\/pages\/394","targetHints":{"allow":["GET"]}}],"collection":[{"href":"https:\/\/plataformatrans.es\/index.php\/wp-json\/wp\/v2\/pages"}],"about":[{"href":"https:\/\/plataformatrans.es\/index.php\/wp-json\/wp\/v2\/types\/page"}],"author":[{"embeddable":true,"href":"https:\/\/plataformatrans.es\/index.php\/wp-json\/wp\/v2\/users\/1"}],"replies":[{"embeddable":true,"href":"https:\/\/plataformatrans.es\/index.php\/wp-json\/wp\/v2\/comments?post=394"}],"version-history":[{"count":4,"href":"https:\/\/plataformatrans.es\/index.php\/wp-json\/wp\/v2\/pages\/394\/revisions"}],"predecessor-version":[{"id":732,"href":"https:\/\/plataformatrans.es\/index.php\/wp-json\/wp\/v2\/pages\/394\/revisions\/732"}],"wp:attachment":[{"href":"https:\/\/plataformatrans.es\/index.php\/wp-json\/wp\/v2\/media?parent=394"}],"curies":[{"name":"wp","href":"https:\/\/api.w.org\/{rel}","templated":true}]}}