{"id":195,"date":"2023-04-30T22:35:41","date_gmt":"2023-04-30T22:35:41","guid":{"rendered":"http:\/\/plataformatrans.es\/?page_id=195"},"modified":"2023-08-17T09:49:13","modified_gmt":"2023-08-17T07:49:13","slug":"territorios","status":"publish","type":"page","link":"https:\/\/plataformatrans.es\/index.php\/territorios\/","title":{"rendered":"Territorios"},"content":{"rendered":"<h1 style=\"text-align: center;\">Territorios<\/h1>\n<p><img loading=\"lazy\" decoding=\"async\" class=\"size-full wp-image-582 aligncenter\" src=\"http:\/\/plataformatrans.es\/wp-content\/uploads\/2023\/05\/Sin-titulo-12222png.png\" alt=\"\" width=\"260\" height=\"260\" srcset=\"https:\/\/plataformatrans.es\/wp-content\/uploads\/2023\/05\/Sin-titulo-12222png.png 260w, https:\/\/plataformatrans.es\/wp-content\/uploads\/2023\/05\/Sin-titulo-12222png-150x150.png 150w\" sizes=\"auto, (max-width: 260px) 100vw, 260px\" \/><\/p>\n<p><strong>LEYES AUTON\u00d3MICAS<\/strong><\/p>\n<p><strong><u>ANDALUC\u00cdA<\/u><\/strong><\/p>\n<p>Ley 2\/2014, de 8 de julio, integral para la no discriminaci\u00f3n por motivos de identidad de g\u00e9nero y reconocimiento de los derechos de las personas transexuales de Andaluc\u00eda<\/p>\n<iframe loading=\"lazy\" class=\"pdfjs-viewer\" width=\"800px\" height=\"400px\" src=\"https:\/\/plataformatrans.es\/wp-content\/plugins\/pdf-viewer\/stable\/web\/viewer.html?file=https:\/\/plataformatrans.es\/wp-content\/uploads\/2023\/05\/Ley-22014-de-8-de-julio-integral-para-la-no-discriminacion-por-motivos-de-identidad-de-genero-y-reconocimiento-de-los-derechos-de-las-personas-transexuales-de-Andalucia.pdf\"><\/iframe> \n<p>Ley 8\/2017, de 28 de diciembre, para garantizar los derechos, la igualdad de trato y no discriminaci\u00f3n de las personas LGTBI y sus familiares en Andaluc\u00eda<\/p>\n<iframe loading=\"lazy\" class=\"pdfjs-viewer\" width=\"800px\" height=\"400px\" src=\"https:\/\/plataformatrans.es\/wp-content\/plugins\/pdf-viewer\/stable\/web\/viewer.html?file=https:\/\/plataformatrans.es\/wp-content\/uploads\/2023\/05\/Ley-82017-de-28-de-diciembre-para-garantizar-los-derechos-la-igualdad-de-trato-y-no-discriminacion-de-las-personas-LGTBI-y-sus-familiares-en-Andalucia.pdf\"><\/iframe> \n<p><strong><u>ARAG\u00d3N<\/u><\/strong><\/p>\n<p>Ley 4\/2018, de 19 de abril, de Identidad y Expresi\u00f3n de G\u00e9nero e Igualdad Social y no Discriminaci\u00f3n de la Comunidad Aut\u00f3noma de Arag\u00f3n<\/p>\n<iframe loading=\"lazy\" class=\"pdfjs-viewer\" width=\"800px\" height=\"400px\" src=\"https:\/\/plataformatrans.es\/wp-content\/plugins\/pdf-viewer\/stable\/web\/viewer.html?file=https:\/\/plataformatrans.es\/wp-content\/uploads\/2023\/05\/Ley-42018-de-19-de-abril-de-Identidad-y-Expresion-de-Genero-e-Igualdad-Social-y-no-Discriminacion-de-la-Comunidad-Autonoma-de-Aragon.pdf\"><\/iframe> \n<p>Ley 18\/2018, de 20 de diciembre, de igualdad y protecci\u00f3n integral contra la discriminaci\u00f3n por raz\u00f3n de orientaci\u00f3n sexual, expresi\u00f3n e identidad de g\u00e9nero en la Comunidad Aut\u00f3noma de Arag\u00f3n<\/p>\n<iframe loading=\"lazy\" class=\"pdfjs-viewer\" width=\"800px\" height=\"400px\" src=\"https:\/\/plataformatrans.es\/wp-content\/plugins\/pdf-viewer\/stable\/web\/viewer.html?file=https:\/\/plataformatrans.es\/wp-content\/uploads\/2023\/05\/Ley-182018-de-20-de-diciembre-de-igualdad-y-proteccion-integral-contra-la-discriminacion-por-razon-de-orientacion-sexual-expresion-e-identidad-de-genero-en-la-Comunidad-Autonoma-de-Aragon.pdf\"><\/iframe> \n<p><strong><u>BALEARES<\/u><\/strong><\/p>\n<p>Ley 8\/2016, de 30 mayo, que garantiza los derechos de lesbianas, gays, trans, bisexuales e intersexuales y para erradicar la LGTBI fobia<\/p>\n<iframe loading=\"lazy\" class=\"pdfjs-viewer\" width=\"800px\" height=\"400px\" src=\"https:\/\/plataformatrans.es\/wp-content\/plugins\/pdf-viewer\/stable\/web\/viewer.html?file=https:\/\/plataformatrans.es\/wp-content\/uploads\/2023\/05\/Balears-Ley-82016-de-30-mayo-que-garantiza-los-derechos-de-lesbianas-gays-trans-bisexuales-e-intersexuales-y-para-erradicar-la-LGTBI-fobia.pdf\"><\/iframe> \n<p><strong><u>CANARIAS<\/u><\/strong><\/p>\n<p>Ley 2\/2021, de 7 de junio, de igualdad social y no discriminaci\u00f3n por raz\u00f3n de identidad de g\u00e9nero, expresi\u00f3n de g\u00e9nero y caracter\u00edsticas sexuales de Canarias<\/p>\n<iframe loading=\"lazy\" class=\"pdfjs-viewer\" width=\"800px\" height=\"400px\" src=\"https:\/\/plataformatrans.es\/wp-content\/plugins\/pdf-viewer\/stable\/web\/viewer.html?file=https:\/\/plataformatrans.es\/wp-content\/uploads\/2023\/05\/Ley-22021-de-7-de-junio-de-igualdad-social-y-no-discriminacion-por-razon-de-identidad-de-genero-expresion-de-genero-y-caracteristicas-sexuales-de-Canarias.pdf\"><\/iframe> \n<p><strong><u>CANTABRIA<\/u><\/strong><\/p>\n<p>Ley de Cantabria 8_2020 de Garant\u00eda de Derechos de las Personas Lesbianas Gais Trans Transg\u00e9nero Bisexuales<\/p>\n<iframe loading=\"lazy\" class=\"pdfjs-viewer\" width=\"800px\" height=\"400px\" src=\"https:\/\/plataformatrans.es\/wp-content\/plugins\/pdf-viewer\/stable\/web\/viewer.html?file=https:\/\/plataformatrans.es\/wp-content\/uploads\/2023\/05\/Ley-de-Cantabria-8_2020-de-Garantia-de-Derechos-de-las-Personas-Lesbianas-Gais-Trans-Transgenero-Bisexuales.pdf\"><\/iframe> \n<p><strong><u>CASTILLA LA MANCHA<\/u><\/strong><\/p>\n<p>Ley de Diversidad Sexual y Derechos LGTBI de Castilla-La Mancha, expediente 10PL\/-00020<\/p>\n<iframe loading=\"lazy\" class=\"pdfjs-viewer\" width=\"800px\" height=\"400px\" src=\"https:\/\/plataformatrans.es\/wp-content\/plugins\/pdf-viewer\/stable\/web\/viewer.html?file=https:\/\/plataformatrans.es\/wp-content\/uploads\/2023\/05\/39._publicacion_ley_de_diversidad_sexual_y_derechos_lgtbi_en_clm_en_docm.pdf\"><\/iframe> \n<p><strong><u>CATALU\u00d1A<\/u><\/strong><\/p>\n<p>Ley 11\/2014, de 10 octubre, que garantiza los derechos de lesbianas, gays, bisexuales, transg\u00e9neros e intersexuales y para erradicar la homofobia, la bifobia y la transfobia<\/p>\n<iframe loading=\"lazy\" class=\"pdfjs-viewer\" width=\"800px\" height=\"400px\" src=\"https:\/\/plataformatrans.es\/wp-content\/plugins\/pdf-viewer\/stable\/web\/viewer.html?file=https:\/\/plataformatrans.es\/wp-content\/uploads\/2023\/05\/Ley-112014-de-10-octubre-que-garantiza-los-derechos-de-lesbianas-gays-bisexuales-transgeneros-e-intersexuales-y-para-erradicar-la-homofobia-la-bifobia-y-la-transfobia.pdf\"><\/iframe> \n<p><strong><u>COMUNIDAD VALENCIANA<\/u><\/strong><\/p>\n<p>Ley 8\/2017, de 7 de abril, integral del reconocimiento del derecho a la identidad y a la expresi\u00f3n de g\u00e9nero en la Comunitat Valenciana<\/p>\n<iframe loading=\"lazy\" class=\"pdfjs-viewer\" width=\"800px\" height=\"400px\" src=\"https:\/\/plataformatrans.es\/wp-content\/plugins\/pdf-viewer\/stable\/web\/viewer.html?file=https:\/\/plataformatrans.es\/wp-content\/uploads\/2023\/05\/Ley-82017-de-7-de-abril-integral-del-reconocimiento-del-derecho-a-la-identidad-y-a-la-expresion-de-genero-en-la-Comunitat-Valenciana.pdf\"><\/iframe> \n<p>Ley 23\/2018, de 29 de noviembre, de igualdad de las personas LGTBI<\/p>\n<iframe loading=\"lazy\" class=\"pdfjs-viewer\" width=\"800px\" height=\"400px\" src=\"https:\/\/plataformatrans.es\/wp-content\/plugins\/pdf-viewer\/stable\/web\/viewer.html?file=https:\/\/plataformatrans.es\/wp-content\/uploads\/2023\/05\/Ley-232018-de-29-de-noviembre-de-igualdad-de-las-personas-LGTBI.pdf\"><\/iframe> \n<p><strong><u>EXTREMADURA<\/u><\/strong><\/p>\n<p>Ley 12\/2015, de 8 de abril, de igualdad social de lesbianas, gais, bisexuales, transexuales, transg\u00e9nero e intersexuales y de pol\u00edticas p\u00fablicas contra la discriminaci\u00f3n por orientaci\u00f3n sexual e identidad de g\u00e9nero en la Comunidad Aut\u00f3noma de Extremadura<\/p>\n<iframe loading=\"lazy\" class=\"pdfjs-viewer\" width=\"800px\" height=\"400px\" src=\"https:\/\/plataformatrans.es\/wp-content\/plugins\/pdf-viewer\/stable\/web\/viewer.html?file=https:\/\/plataformatrans.es\/wp-content\/uploads\/2023\/05\/Ley-122015-de-8-de-abril-de-igualdad-social-de-lesbianas-gais-bisexuales-transexuales-transgenero-e-intersexuales-Extremadura.pdf\"><\/iframe> \n<p><strong><u>GALICIA<\/u><\/strong><\/p>\n<p>Ley 2\/2014, de 14 de abril, por la igualdad de trato y la no discriminaci\u00f3n de lesbianas, gays, transexuales, bisexuales e intersexuales en Galicia<\/p>\n<iframe loading=\"lazy\" class=\"pdfjs-viewer\" width=\"800px\" height=\"400px\" src=\"https:\/\/plataformatrans.es\/wp-content\/plugins\/pdf-viewer\/stable\/web\/viewer.html?file=https:\/\/plataformatrans.es\/wp-content\/uploads\/2023\/05\/Ley-22014-de-14-de-abril-por-la-igualdad-de-trato-y-la-no-discriminacion-de-lesbianas-gays-transexuales-bisexuales-e-intersexuales-en-Galicia.pdf\"><\/iframe> \n<p><strong><u>LA RIOJA<\/u><\/strong><\/p>\n<p>Ley de igualdad, reconocimiento a la identidad y expresi\u00f3n de g\u00e9nero y derechos de las personas trans y sus familiares en la Comunidad Aut\u00f3noma de La Rioja<\/p>\n<iframe loading=\"lazy\" class=\"pdfjs-viewer\" width=\"800px\" height=\"400px\" src=\"https:\/\/plataformatrans.es\/wp-content\/plugins\/pdf-viewer\/stable\/web\/viewer.html?file=https:\/\/plataformatrans.es\/wp-content\/uploads\/2023\/05\/Ley-de-igualdad-reconocimiento-a-la-identidad-y-expresion-de-genero-y-derechos-de-las-personas-trans-y-sus-familiares-en-la-Comunidad-Autonoma-de-La-Rioja.pdf\"><\/iframe> \n<p><strong><u>MADRID<\/u><\/strong><\/p>\n<p>Ley 2\/2016, de 29 de marzo, de Identidad y Expresi\u00f3n de G\u00e9nero e Igualdad Social y no Discriminaci\u00f3n de la Comunidad de Madrid<\/p>\n<iframe loading=\"lazy\" class=\"pdfjs-viewer\" width=\"800px\" height=\"400px\" src=\"https:\/\/plataformatrans.es\/wp-content\/plugins\/pdf-viewer\/stable\/web\/viewer.html?file=https:\/\/plataformatrans.es\/wp-content\/uploads\/2023\/05\/Ley-22016-de-29-de-marzo-de-Identidad-y-Expresion-de-Genero-e-Igualdad-Social-y-no-Discriminacion-de-la-Comunidad-de-Madrid.pdf\"><\/iframe> \n<p>Ley 3\/2016, de 22 de julio, de Protecci\u00f3n Integral contra LGTBIfobia y la Discriminaci\u00f3n por Raz\u00f3n de Orientaci\u00f3n e Identidad Sexual en la Comunidad de Madrid<\/p>\n<iframe loading=\"lazy\" class=\"pdfjs-viewer\" width=\"800px\" height=\"400px\" src=\"https:\/\/plataformatrans.es\/wp-content\/plugins\/pdf-viewer\/stable\/web\/viewer.html?file=https:\/\/plataformatrans.es\/wp-content\/uploads\/2023\/05\/Ley-32016-de-22-de-julio-de-Proteccion-Integral-contra-LGTBIfobia-y-la-Discriminacion-por-Razon-de-Orientacion-e-Identidad-Sexual-en-la-Comunidad-de-Madrid.pdf\"><\/iframe> \n<p><strong><u>MURCIA<\/u><\/strong><\/p>\n<p>Ley 8\/2016, de 27 de mayo, de igualdad social de lesbianas, gais, bisexuales, transexuales, transg\u00e9nero e intersexuales, y de pol\u00edticas p\u00fablicas contra la discriminaci\u00f3n por orientaci\u00f3n sexual e identidad de g\u00e9nero en la Comunidad Aut\u00f3noma de la Regi\u00f3n de Murcia<\/p>\n<iframe loading=\"lazy\" class=\"pdfjs-viewer\" width=\"800px\" height=\"400px\" src=\"https:\/\/plataformatrans.es\/wp-content\/plugins\/pdf-viewer\/stable\/web\/viewer.html?file=https:\/\/plataformatrans.es\/wp-content\/uploads\/2023\/05\/Ley-82016-de-27-de-mayo-de-igualdad-social-de-lesbianas-gais-bisexuales-transexuales-transgenero-e-intersexuales-Murcia.pdf\"><\/iframe> \n<p><strong><u>NAVARRA<\/u><\/strong><\/p>\n<p>Ley Foral 12\/2009, de 19 de Noviembre, de no discriminaci\u00f3n por motivos de identidad de g\u00e9nero y de reconocimiento de los derechos de las personas transexuales<\/p>\n<iframe loading=\"lazy\" class=\"pdfjs-viewer\" width=\"800px\" height=\"400px\" src=\"https:\/\/plataformatrans.es\/wp-content\/plugins\/pdf-viewer\/stable\/web\/viewer.html?file=https:\/\/plataformatrans.es\/wp-content\/uploads\/2023\/05\/Ley-Foral-Navarra-122009-de-19-de-Noviembre-de-no-discriminacion-por-motivos-de-identidad-de-genero-y-de-reconocimiento-de-los-derechos-de-las-personas-transexuales.pdf\"><\/iframe> \n<p>Ley Foral 8\/2017, de 19 de junio, para la igualdad social de las personas LGTBI+<\/p>\n<iframe loading=\"lazy\" class=\"pdfjs-viewer\" width=\"800px\" height=\"400px\" src=\"https:\/\/plataformatrans.es\/wp-content\/plugins\/pdf-viewer\/stable\/web\/viewer.html?file=https:\/\/plataformatrans.es\/wp-content\/uploads\/2023\/05\/Ley-Foral-Navarra-82017-de-19-de-junio-para-la-igualdad-social-de-las-personas-LGTBI.pdf\"><\/iframe> \n<p><strong><u>PA\u00cdS VASCO<\/u><\/strong><\/p>\n<p>Ley 14\/2012, de 28 junio, de no discriminaci\u00f3n por motivo de identidad de g\u00e9nero y de reconocimiento de los derechos de las personas transexuales<\/p>\n<iframe loading=\"lazy\" class=\"pdfjs-viewer\" width=\"800px\" height=\"400px\" src=\"https:\/\/plataformatrans.es\/wp-content\/plugins\/pdf-viewer\/stable\/web\/viewer.html?file=https:\/\/plataformatrans.es\/wp-content\/uploads\/2023\/05\/Euskadi-Ley-142012-de-28-junio-de-no-discriminacion-por-motivo-de-identidad-de-genero-y-de-reconocimiento-de-los-derechos-de-las-personas-transexuales.pdf\"><\/iframe> \n<p>Ley 9\/2019, de 27 de junio, de modificaci\u00f3n de la Ley 14\/2012, de 28 de junio, de no discriminaci\u00f3n por motivos de identidad de g\u00e9nero y de reconocimiento de los derechos de las personas transexuales<\/p>\n<iframe loading=\"lazy\" class=\"pdfjs-viewer\" width=\"800px\" height=\"400px\" src=\"https:\/\/plataformatrans.es\/wp-content\/plugins\/pdf-viewer\/stable\/web\/viewer.html?file=https:\/\/plataformatrans.es\/wp-content\/uploads\/2023\/05\/Euskadi-Ley-92019-de-27-de-junio-de-modificacion-de-la-Ley-142012-de-28-de-junio-de-no-discriminacion-por-motivos-de-identidad-de-genero.pdf\"><\/iframe> \n","protected":false},"excerpt":{"rendered":"<p>Territorios LEYES AUTON\u00d3MICAS ANDALUC\u00cdA Ley 2\/2014, de 8 de julio, integral para la no discriminaci\u00f3n por motivos de identidad de g\u00e9nero y reconocimiento de los derechos de las personas transexuales de Andaluc\u00eda Ley 8\/2017, de 28 de diciembre, para garantizar los derechos, la igualdad de trato y no discriminaci\u00f3n de las personas LGTBI y sus [&hellip;]<\/p>\n","protected":false},"author":1,"featured_media":0,"parent":0,"menu_order":0,"comment_status":"closed","ping_status":"closed","template":"","meta":{"footnotes":""},"class_list":["post-195","page","type-page","status-publish","hentry"],"brizy_media":[],"_links":{"self":[{"href":"https:\/\/plataformatrans.es\/index.php\/wp-json\/wp\/v2\/pages\/195","targetHints":{"allow":["GET"]}}],"collection":[{"href":"https:\/\/plataformatrans.es\/index.php\/wp-json\/wp\/v2\/pages"}],"about":[{"href":"https:\/\/plataformatrans.es\/index.php\/wp-json\/wp\/v2\/types\/page"}],"author":[{"embeddable":true,"href":"https:\/\/plataformatrans.es\/index.php\/wp-json\/wp\/v2\/users\/1"}],"replies":[{"embeddable":true,"href":"https:\/\/plataformatrans.es\/index.php\/wp-json\/wp\/v2\/comments?post=195"}],"version-history":[{"count":11,"href":"https:\/\/plataformatrans.es\/index.php\/wp-json\/wp\/v2\/pages\/195\/revisions"}],"predecessor-version":[{"id":866,"href":"https:\/\/plataformatrans.es\/index.php\/wp-json\/wp\/v2\/pages\/195\/revisions\/866"}],"wp:attachment":[{"href":"https:\/\/plataformatrans.es\/index.php\/wp-json\/wp\/v2\/media?parent=195"}],"curies":[{"name":"wp","href":"https:\/\/api.w.org\/{rel}","templated":true}]}}